81 composite?
True
Is 5430101 a composite number?
True
Is 36168893 prime?
True
Is 1078777 a composite number?
True
Is 21971501 prime?
True
Is 114610567 composite?
False
Is 118099 a composite number?
True
Is 33349159 a prime number?
False
Is 51230363 a prime number?
False
Is 76564919 composite?
False
Is 377145491 composite?
False
Is 2360653 prime?
True
Is 1443311 a composite number?
False
Is 6445487 prime?
False
Is 776625313 a composite number?
False
Is 158113 composite?
False
Is 130350971 a composite number?
True
Is 16027799 a composite number?
True
Is 21116867 prime?
False
Is 54433567 prime?
False
Is 5428721 a composite number?
False
Is 161041157 a prime number?
True
Is 121883777 composite?
False
Is 490666663 prime?
True
Is 40121 a prime number?
False
Is 11091449 a composite number?
False
Is 3420421 a prime number?
True
Is 16600027 prime?
False
Is 76207421 composite?
False
Is 212457137 composite?
False
Is 34106027 prime?
False
Is 1311881 composite?
True
Is 10774801 composite?
True
Is 102070921 composite?
True
Is 2107463 a composite number?
True
Is 70683454 prime?
False
Is 33385861 a prime number?
True
Is 3797641 prime?
True
Is 20763983 prime?
True
Is 96156301 a composite number?
True
Is 1493939 composite?
True
Is 8261993 a composite number?
False
Is 117514363 a prime number?
False
Is 34052971 a prime number?
False
Is 1628803 composite?
True
Is 468734603 a composite number?
True
Is 278970617 prime?
True
Is 13745411 a prime number?
False
Is 32711713 composite?
True
Is 73897541 a composite number?
True
Is 18967915 a composite number?
True
Is 3295111 a composite number?
False
Is 2223541 prime?
True
Is 347917249 a composite number?
False
Is 6167267 a prime number?
False
Is 8449289 a composite number?
True
Is 320482849 a prime number?
False
Is 2662381 a prime number?
True
Is 26667409 a prime number?
False
Is 135053237 prime?
False
Is 3064079 a prime number?
True
Is 93762601 a composite number?
False
Is 162382463 composite?
False
Is 1082699 a composite number?
False
Is 3578663 a prime number?
False
Is 7207909 a composite number?
False
Is 2502635 prime?
False
Is 580421 a composite number?
True
Is 9015803 composite?
False
Is 4367287 composite?
True
Is 493823453 a prime number?
True
Is 228233 a composite number?
False
Is 1628161 a prime number?
True
Is 467534729 a prime number?
False
Is 13063409 prime?
False
Is 6628247 prime?
True
Is 13889483 a prime number?
True
Is 26823997 prime?
False
Is 10836067 composite?
True
Is 1537529 a composite number?
True
Is 7400487 prime?
False
Is 6202561 prime?
True
Is 472190947 composite?
False
Is 57964859 composite?
True
Is 3241421 a prime number?
False
Is 9738149 a prime number?
True
Is 1570183 a composite number?
True
Is 82935877 a composite number?
True
Is 5347729 composite?
False
Is 58924951 prime?
False
Is 120617951 a prime number?
False
Is 136154101 composite?
True
Is 10852385 prime?
False
Is 53182354 composite?
True
Is 169520839 a prime number?
True
Is 74743297 prime?
False
Is 24045457 composite?
False
Is 944881667 prime?
False
Is 67252474 a prime number?
False
Is 7138237 a composite number?
False
Is 281621787 a composite number?
True
Is 683089 composite?
True
Is 86187833 a composite number?
False
Is 2926271 a prime number?
True
Is 12570689 composite?
False
Is 21344699 prime?
True
Is 10001659 a composite number?
False
Is 519914039 a prime number?
False
Is 1378667 a composite number?
True
Is 50428091 a composite number?
True
Is 69877253 prime?
False
Is 30988957 a prime number?
True
Is 3937079 prime?
True
Is 34039549 composite?
False
Is 171503945 a prime number?
False
Is 166005617 a prime number?
False
Is 932537 prime?
True
Is 18456649 a composite number?
True
Is 63383893 composite?
False
Is 21413789 a prime number?
True
Is 1787189 a composite number?
False
Is 6171209 prime?
False
Is 3109091 prime?
True
Is 260010847 prime?
True
Is 3894967 composite?
True
Is 1112623423 composite?
True
Is 100955161 a composite number?
True
Is 5304413 prime?
True
Is 310141 prime?
False
Is 1932149 composite?
True
Is 177803 a composite number?
True
Is 3709471 prime?
False
Is 14138791 a prime number?
False
Is 20064487 a prime number?
False
Is 2649958 a prime number?
False
Is 457423 composite?
True
Is 77201747 composite?
True
Is 14471893 composite?
True
Is 87028427 a prime number?
False
Is 485663 composite?
True
Is 3136291 a prime number?
False
Is 20891639 composite?
False
Is 3004873 a composite number?
True
Is 1737479 prime?
True
Is 22304413 a prime number?
True
Is 193241 prime?
False
Is 10441787 prime?
True
Is 859057877 prime?
False
Is 141177831 prime?
False
Is 4835437 a prime number?
False
Is 541529299 a prime number?
False
Is 3176077 composite?
False
Is 38272571 composite?
False
Is 1010033 prime?
True
Is 169446113 a prime number?
False
Is 5141917 a composite number?
True
Is 43485691 composite?
True
Is 3745003 a prime number?
False
Is 2485207 a composite number?
False
Is 142049891 composite?
True
Is 135685417 composite?
True
Is 6283378 prime?
False
Is 437226641 a prime number?
True
Is 16122037 prime?
True
Is 278923989 a composite number?
True
Is 256255009 prime?
True
Is 41307782 a prime number?
False
Is 301626319 prime?
True
Is 2467603 composite?
False
Is 605170771 prime?
True
Is 26169614 a prime number?
False
Is 3787241 prime?
False
Is 1972703 prime?
False
Is 85168229 a prime number?
True
Is 19271477 a prime number?
True
Is 123662417 a prime number?
True
Is 8390663 a composite number?
False
Is 125031479 a composite number?
True
Is 665441017 a composite number?
False
Is 816022 composite?
True
Is 21541033 a prime number?
True
Is 845011 a prime number?
False
Is 5281121 prime?
False
Is 27061241 a composite number?
False
Is 99737686 a prime number?
False
Is 1235335 a composite number?
True
Is 2387221 a prime number?
True
Is 30744267 a composite number?
True
Is 43328301 a prime number?
False
Is 16656802 composite?
True
Is 34272757 a composite number?
False
Is 2711597 composite?
True
Is 614377 a prime number?
True
Is 289945099 composite?
False
Is 5645833 a composite number?
True
Is 2665703 a prime number?
False
Is 145143067 a composite number?
False
Is 21044383 prime?
True
Is 547759 a prime number?
False
Is 14489327 a composite number?
False
Is 114463471 prime?
False
Is 302301901 a composite number?
True
Is 2671211 prime?
True
Is 6496583 prime?
True
Is 1333679 a prime number?
True
Is 299186529 composite?
True
Is 14332387 prime?
True
Is 278780419 a composite number?
False
Is 1317377 a composite number?
False
Is 51973463 a composite number?
False
Is 15789877 a composite number?
True
Is 34721933 a composite number?
False
Is 1925579 a composite number?
False
Is 992141 composite?
False
Is 3386221 prime?
False
Is 440585 composite?
True
Is 2677033793 composite?
True
Is 5360713 a prime number?
False
Is 2243433 a prime number?
False
Is 8594939 composite?
True
Is 2239466 a composite number?
True
Is 13676083 a prime number?
False
Is 152430137 composite?
True
Is 10187123 a composite number?
False
Is 6357971 a composite number?
False
Is 218910597 composite?
True
Is 1377773 a prime number?
True
Is 707363 a prime number?
False
Is 1931291 prime?
True
Is 2017537 a prime number?
False
Is 55523527 a composite number?
False
Is 8342401 prime?
False
Is 2045411 a prime number?
False
Is 9775583 composite?
False
Is 13121266 a prime number?
False
Is 26602241 a composite number?
True
Is 7345607 composite?
False
Is 40012051 composite?
False
Is 2569607 composite?
False
Is 14865533 prime?
True
Is 318629 composite?
False
Is 495222391 prime?
True
Is 668929 a composite number?
False
Is 85462709 prime?
True
Is 1357193 prime?
True
Is 161714249 a prime number?
True
Is 1641007 composite?
False
Is 1929487 a prime number?
False
Is 1669123 composite?
True
Is 28428251 composite?
False
Is 1405609739 composite?
False
Is 190471 prime?
True
Is 6375931 a composite number?
False
Is 31310057 composite?
True
Is 1468526 a prime number?
False
Is 502908941 prime?
True
Is 82058997 a composite number?
True
Is 2146645 composite?
True
Is 824898271 a prime number?
True
Is 168238183 a prime number?
False
Is 213538361 composite?
True
Is 9362543 composite?
True
Is 285572447 composite?
False
Is 10910833 a composite number?
True
Is 70583891 prime?
False
Is 7941163 a prime number?
False
Is 3336887 